?
True
Is 87251 a prime number?
True
Is 37957 composite?
False
Is 9527 a prime number?
False
Is 102379 prime?
False
Is 1039 prime?
True
Is 6679 a composite number?
False
Is 745673 a prime number?
True
Is 24737 composite?
True
Is 132409 a prime number?
True
Is 7369 a prime number?
True
Is 10651 prime?
True
Is 127769 a composite number?
True
Is 24967 a composite number?
False
Is 17657 prime?
True
Is 1480771 a prime number?
True
Is 18859 prime?
True
Is 25667 a composite number?
False
Is 10267747 a prime number?
False
Is 4555 a composite number?
True
Is 2261531 composite?
False
Is 28003 a composite number?
True
Is 518327 a prime number?
True
Is 59515 a composite number?
True
Is 27731 a prime number?
False
Is 79099 prime?
False
Is 3473 prime?
False
Is 42059 a prime number?
False
Is 153133 a composite number?
False
Is 3943 a prime number?
True
Is 287103 prime?
False
Is 4135 composite?
True
Is 1381 a composite number?
False
Is 22751 prime?
True
Is 315473 composite?
True
Is 7151 a prime number?
True
Is 27329 a prime number?
True
Is 116593 a composite number?
False
Is 556454 prime?
False
Is 472631 a composite number?
False
Is 10783 a prime number?
False
Is 95401 a prime number?
True
Is 5663 composite?
True
Is 72151 a composite number?
True
Is 824357 a prime number?
False
Is 641643 a composite number?
True
Is 270055 a prime number?
False
Is 406951 composite?
False
Is 111301 composite?
False
Is 113639 a composite number?
True
Is 36833 prime?
True
Is 797077 composite?
False
Is 5855 prime?
False
Is 550349 a prime number?
False
Is 12319 prime?
False
Is 410433 a composite number?
True
Is 81521 a prime number?
False
Is 247787 prime?
False
Is 11533 prime?
False
Is 150497 a composite number?
False
Is 817829 composite?
True
Is 5581 composite?
False
Is 16253 composite?
False
Is 163015 a prime number?
False
Is 38431 composite?
False
Is 28162 composite?
True
Is 653399 a composite number?
True
Is 46489 composite?
False
Is 13849 a composite number?
True
Is 59429 composite?
True
Is 18641 composite?
True
Is 120179 composite?
True
Is 4783 a prime number?
True
Is 68311 prime?
True
Is 5381 a prime number?
True
Is 386917 prime?
False
Is 2682131 composite?
False
Is 10007 composite?
False
Is 53747 composite?
True
Is 142921 composite?
True
Is 137623 a prime number?
True
Is 1443551 prime?
True
Is 40093 composite?
False
Is 11213 prime?
True
Is 44483 composite?
False
Is 2581 prime?
False
Is 215431 composite?
True
Is 72161 a prime number?
True
Is 604559 prime?
True
Is 7355 composite?
True
Is 1288801 prime?
False
Is 6227 a prime number?
False
Is 1178113 prime?
True
Is 50669 prime?
False
Is 6239 prime?
False
Is 5371 a composite number?
True
Is 3498797 prime?
True
Is 2155 a composite number?
True
Is 92033 a composite number?
False
Is 34249 a composite number?
True
Is 226427 a prime number?
True
Is 79681 a composite number?
True
Is 10369 composite?
False
Is 2179 a composite number?
False
Is 60589 a composite number?
False
Is 6247 a composite number?
False
Is 66739 composite?
False
Is 424613 prime?
False
Is 101617 a composite number?
True
Is 64451 a prime number?
True
Is 2157 prime?
False
Is 3709 composite?
False
Is 1231663 a composite number?
False
Is 202513 a prime number?
False
Is 5305 prime?
False
Is 996605 composite?
True
Is 19707 composite?
True
Is 41719 composite?
False
Is 3241 a prime number?
False
Is 35591 a composite number?
False
Is 688999 prime?
True
Is 119555 a composite number?
True
Is 19471 a composite number?
False
Is 29459 prime?
False
Is 52453 a composite number?
False
Is 123 a composite number?
True
Is 57701 prime?
False
Is 2563 a composite number?
True
Is 2797 prime?
True
Is 40157 a prime number?
False
Is 178783 a prime number?
False
Is 270401 composite?
True
Is 871333 composite?
True
Is 6701 composite?
False
Is 3967 composite?
False
Is 12373 a composite number?
False
Is 1069441 a prime number?
True
Is 174579 a prime number?
False
Is 86711 prime?
True
Is 27581 a composite number?
False
Is 5906 composite?
True
Is 179119 a prime number?
True
Is 108377 a prime number?
True
Is 1259231 a prime number?
True
Is 3309 a composite number?
True
Is 1111 composite?
True
Is 76339 prime?
False
Is 130807 composite?
False
Is 264283 composite?
False
Is 28831 composite?
True
Is 2939 prime?
True
Is 49417 prime?
True
Is 93701 prime?
True
Is 3410963 prime?
True
Is 131531 composite?
True
Is 4049 a composite number?
False
Is 202261 a composite number?
True
Is 4759 a prime number?
True
Is 1227827 composite?
True
Is 685 a composite number?
True
Is 2389 a prime number?
True
Is 907 composite?
False
Is 34319 a composite number?
False
Is 23801 a prime number?
True
Is 59287 a composite number?
True
Is 8363 a composite number?
False
Is 101201 composite?
True
Is 114371 a composite number?
False
Is 168167 composite?
True
Is 1726817 composite?
True
Is 8887 prime?
True
Is 1193117 composite?
True
Is 33851 a composite number?
False
Is 138283 prime?
True
Is 15877 prime?
True
Is 1160561 a prime number?
False
Is 197066 prime?
False
Is 837413 a prime number?
True
Is 21 prime?
False
Is 3433 composite?
False
Is 274479 composite?
True
Is 29483 composite?
False
Is 8191 prime?
True
Is 315734 a composite number?
True
Is 98507 prime?
True
Is 16601 a prime number?
False
Is 10559 composite?
False
Is 21709 a composite number?
True
Is 173003 a prime number?
False
Is 198557 composite?
True
Is 49151 prime?
False
Is 17674 prime?
False
Is 26807 a prime number?
False
Is 2849191 prime?
False
Is 165161 a prime number?
True
Is 2577 a prime number?
False
Is 66567 a composite number?
True
Is 228143 composite?
True
Is 2245 prime?
False
Is 75913 composite?
False
Is 2544959 a composite number?
False
Is 172891 prime?
False
Is 7694 composite?
True
Is 42879 prime?
False
Is 29809 composite?
True
Is 639953 a composite number?
True
Is 14897 prime?
True
Is 59333 a prime number?
True
Is 708091 a prime number?
True
Is 8039 prime?
True
Is 9571 composite?
True
Is 61583 composite?
False
Is 23971 a composite number?
False
Is 131559 a prime number?
False
Is 288833 composite?
False
Is 124231 a prime number?
True
Is 1711 a composite number?
True
Is 66009 a prime number?
False
Is 26083 a composite number?
False
Is 8935 prime?
False
Is 140753 a composite number?
True
Is 484397 composite?
False
Is 106471 prime?
False
Is 9601 a prime number?
True
Is 62347 prime?
True
Is 9029 prime?
True
Is 466645 composite?
True
Is 3491 prime?
True
Is 1757 a composite number?
True
Is 623873 prime?
False
Is 140501 a composite number?
True
Is 149585 a composite number?
True
Is 2707 composite?
False
Is 93047 prime?
True
Is 20854 a composite number?
True
Is 1821 prime?
False
Is 252341 composite?
False
Is 2654 composite?
True
Is 16411 a composite number?
False
Is 69637 composite?
True
Is 1179839 a prime number?
True
Is 72235 a prime number?
False
Is 109297 a composite number?
False
Is 38431 a composite number?
False
Is 531731 prime?
True
Is 449077 composite?
False
Is 82019 prime?
False
Is 42031 a composite number?
True
Is 2521 a composite number?
False
Is 89049 prime?
False
Is 6407 prime?
False
Is 55997 prime?
True
Is 53221 prime?
False
Is 22409 prime?
True
Is 313561 composite?
False
Is 27059 a composite number?
False
Is 10061 a prime number?
True
Is 27463 a prime number?
False
Is 3557 composite?
False
Is 178741 a prime number?
False
Is 13217 a prime number?
True
Is 21355 a prime number?
False
Is 2605199 composite?
True
Is 61063 composite?
True
Is 175787 a prime number?
False
Is 11335 a composite number?
True
Is 23663 a composite number?
False
Is 4907 composite?
True
Is 14969 a composite number?
False
Is 252253 prime?
True
Is 1136049 a composite number?
True
Is 192133 composite?
False
Is 37057 composite?
False
Is 316347 a composite number?
True
Is 2699963 a composite number?
True
Is 287939 a composite number?
False
Is 765949 a composite number?
False
Is 578353 composite?
False
Is 121759 a prime number?
False
Is 327647 a composite number?
False
Is 2397371 a prime number?
True
Is 58099 a prime number?
True
Is 227207 composite?
False
Is 8560085 a prime number?
False
Is 73277 a composite number?
False
Is 13951 composite?
True
Is 44377 composite?
True
Is 103549 a prime number?
True
Is 877 composite?
False
Is 22094 prime?
False
Is 353363 prime?
False
Is 12731 prime?
False